f?
23aab
In base 10, what is 6202566 + -4?
6202562
In base 16, what is -1 - 3b036ba?
-3b036bb
In base 8, what is 3 + 2414411?
2414414
In base 3, what is -11 - -100012122022112?
100012122022101
In base 10, what is -13609 - 836?
-14445
In base 9, what is -235 + 76876?
76641
In base 7, what is -32 + 425151?
425116
In base 8, what is -5552350 - 3?
-5552353
In base 5, what is -12012012300 - 2?
-12012012302
In base 5, what is 222021411 - 2040?
222014321
In base 14, what is 0 + ab2c2b?
ab2c2b
In base 16, what is -10f4 + -16d9?
-27cd
In base 4, what is 23 - 112202002320?
-112202002231
In base 10, what is 376 + 155570?
155946
In base 14, what is -3cb + -209b?
-2488
In base 5, what is 12112 - 1311121?
-1244004
In base 4, what is -213003 + -330010?
-1203013
In base 10, what is -30 + 177771?
177741
In base 7, what is -4 + 13560053?
13560046
In base 16, what is 2dd1 + 5f?
2e30
In base 13, what is 602 + -11bc?
-8ba
In base 9, what is 103 + 3044442?
3044545
In base 4, what is -200311121 + 11112?
-200300003
In base 3, what is -1000002 - -221022?
-1210
In base 8, what is -2 + -211476?
-211500
In base 4, what is 12330032230132 - 0?
12330032230132
In base 3, what is 1122022022110000 - -10?
1122022022110010
In base 16, what is -3d2f - 83?
-3db2
In base 16, what is d4aed - 5?
d4ae8
In base 13, what is -227c9 - 2b6c?
-25668
In base 8, what is 44 + 1145340?
1145404
In base 12, what is -1 - -6957186?
6957185
In base 4, what is -1223 - -32230300133?
32230232310
In base 5, what is -4 + 431421212031?
431421212022
In base 6, what is -150201040 + -4?
-150201044
In base 9, what is 2 + -327856183?
-327856181
In base 4, what is 2222320 - -101?
2223021
In base 12, what is -80b1 + 264?
-7a49
In base 3, what is 1210011010022 + -112?
1210011002210
In base 9, what is -54670013 + -12?
-54670025
In base 15, what is -5 - -a27b5a?
a27b55
In base 6, what is 10023311 - 1?
10023310
In base 7, what is 143 - -15434252?
15434425
In base 13, what is 42b4b0 - 97?
42b416
In base 6, what is 104152545 + -13?
104152532
In base 3, what is 1020120101200 + -20102?
1020120011021
In base 9, what is -314888 + -122?
-315121
In base 12, what is 18511a2 + -5?
1851199
In base 11, what is 2 + -623586?
-623584
In base 2, what is 10010000011110 + 1000001111001111?
1010011111101101
In base 13, what is -7a24c26 + -3?
-7a24c29
In base 8, what is -2 - -624513352?
624513350
In base 9, what is 154848 + 1457?
156416
In base 4, what is -220012122121 - -1?
-220012122120
In base 6, what is 5 - -1124300550?
1124300555
In base 6, what is -1023211541 + 0?
-1023211541
In base 4, what is 1023220031002 - -10?
1023220031012
In base 4, what is 3 + -111213102212?
-111213102203
In base 4, what is -230013313131 + -13?
-230013313210
In base 16, what is -6d3 + -9d84?
-a457
In base 11, what is 6000 - -403a?
a03a
In base 12, what is -24 + 2206b?
22047
In base 3, what is 21011000 + 120201112?
211212112
In base 2, what is 110111000111 + -101011101110?
1011011001
In base 14, what is -312955 - 0?
-312955
In base 10, what is -302 - -21000?
20698
In base 9, what is -11221 - -1485?
-8625
In base 11, what is 331297 + 67?
331353
In base 8, what is 17335 - -1075?
20432
In base 14, what is -9 + 102825?
10281a
In base 14, what is 5a4b0 - -188?
5a658
In base 3, what is -210112120202 + 21122?
-210112022010
In base 9, what is -3118477 + -54?
-3118542
In base 6, what is 445111 - 15?
445052
In base 13, what is -192 + -3b500?
-3b692
In base 9, what is -185137 - -164?
-184863
In base 11, what is -15 - -4a0651?
4a0637
In base 13, what is -5 + -1317718?
-1317720
In base 14, what is -29804 + -1d8?
-299dc
In base 5, what is -30041 + 4311343?
4231302
In base 14, what is -1356b2 + -10?
-1356c2
In base 14, what is -776 + -29c4c?
-2a5c4
In base 5, what is 13313030 + 2231?
13320311
In base 15, what is 0 + 3c391a1?
3c391a1
In base 13, what is 1a06a48 + -11?
1a06a37
In base 15, what is 4 + 189beb2?
189beb6
In base 14, what is 2b + -37cca7?
-37cc7a
In base 4, what is -11213102323 + -2?
-11213102331
In base 9, what is -183 - 273204?
-273387
In base 3, what is -200212 + -1100110211211?
-1100111112200
In base 8, what is 4 + -507511754?
-507511750
In base 7, what is -131605106 - 1?
-131605110
In base 14, what is -101070b5 - 7?
-101070bc
In base 5, what is -10 + -123312440144?
-123312440204
In base 14, what is 159d8c9 - -2?
159d8cb
In base 16, what is 5 + -2afdfa?
-2afdf5
In base 15, what is -b1a10d + 4?
-b1a109
In base 5, what is 23141342 + 211?
23142103
In base 14, what is 51413bb7 + 0?
51413bb7
In base 4, what is 12113 - 221321102?
-221302323
In base 15, what is 3a28 - -615?
413d
In base 12, what is -72216 - 49?
-72263
In base 10, what is 150973 + -4?
150969
In base 3, what is 1011101120 + 221110?
1012100000
In base 5, what is -1430 - -20401344?
20344414
In base 8, what is -4357352 + 0?
-4357352
In base 11, what is 1963941 + 10?
1963951
In base 8, what is -176 - 32661?
-33057
In base 3, what is -10 + -200120210012202?
-200120210012212
In base 8, what is 420504 + 525?
421231
In base 2, what is -11000000011 + -110111101010010?
-111010101010101
In base 5, what is -333 + -4012124?
-4013012
In base 12, what is 47b275360 - 1?
47b27535b
In base 15, what is -279ce - 1b4?
-27b93
In base 16, what is 18c - 156c6?
-1553a
In base 13, what is 65 + -39c87?
-39c22
In base 11, what is -351aa1 + 111?
-351990
In base 8, what is 41172066 - -2?
41172070
In base 9, what is -15235 - -425?
-14710
In base 3, what is 10 + -12120121012111?
-12120121012101
In base 6, what is -1554400011 + 0?
-1554400011
In base 7, what is -53322555 - 4?
-53322562
In base 14, what is 49752 + -4?
4974c
In base 5, what is -1320300144 - -121?
-1320300023
In base 13, what is 182 + 4b642?
4b7c4
In base 4, what is 232 - -33013?
33311
In base 7, what is -445 - 16222462?
-16223240
In base 8, what is 2565560 - 204?
2565354
In base 8, what is 361 - -4413170?
4413551
In base 4, what is -1230311222 + -21?
-1230311303
In base 6, what is -21454032001 + -1?
-21454032002
In base 8, what is -6734 - -33012?
24056
In base 6, what is 3 - -1453531110?
1453531113
In base 15, what is -576 - 125d8?
-12b5e
In base 11, what is -77938 - 27?
-77964
In base 6, what is -11040 + -21004341?
-21015421
In base 11, what is 335 + 3473?
37a8
In base 15, what is 299c + -1776?
1226
In base 13, what is 3a0 - -432c2?
43692
In base 4, what is 0 - -301023113?
301023113
In base 14, what is 5 - 5ab545?
-5ab540
In base 2, what is -1 + 10010011101110110?
10010011101110101
In base 14, what is -4684 - -1854?
-2c30
In base 2, what is 111000000 + 1111101100?
10110101100
In base 5, what is 12030033130 + 3?
12030033133
In base 8, what is -5372235 + -77?
-5372334
In base 8, what is -4321641 - 10?
-4321651
In base 4, what is 1001201 + 201030?
1202231
In base 4, what is 10023 - -1331012?
2001101
In base 9, what is -56 + 480353?
480286
In base 5, what is 0 + -1004321302?
-1004321302
In base 2, what is -110100110 + -1011110000111101?
-1011110111100011
In base 5, what is 11410012331 + -3?
11410012323
In base 2, what is 1110100 - -10101010101101?
10101100100001
In base 8, what is 133 + -133107?
-132754
In base 15, what is ea - -16a97?
16b92
In base 13, what is 5a36 - -55?
5a8b
In base 10, what is 3664 - 3536?
128
In base 11, what is -51176 - -13?
-51163
In base 14, what is -44a9 - -6bc?
-3bcb
In base 6, what is -310012 - 24141?
-334153
In base 7, what is 1614620162 + 4?
1614620166
In base 4, what is -101111011232 + -21?
-101111011313
In base 15, what is -4 - 1a6685?
-1a6689
In base 8, what is -30272 - -11172?
-17100
In base 5, what is -142 + -21001401?
-21002043
In base 4, what is -2302123213 + 2320?
-2302120233
In base 4, what is 11311030 + 11133?
11322223
In base 12, what is -101431 - -11b?
-101312
In base 15, what is 0 - -38e2462?
38e2462
In base 15, what is 3b45b - 7c?
3b3ce
In base 8, what is -344 + 5470055?
5467511
In base 12, what is b - -249009?
249018
In base 7, what is -221244 - 2330?
-223604
In base 6, what is -124443034 - -1?
-124443033
In base 3, what is 110 + 11120220220110000?
11120220220110110
In base 11, what is -324594 - 59?
-324642
In base 11, what is -5 - 465a4088?
-465a4092
In base 12, what is 5bbb1 - -2053?
62044
In base 4, what is 113201100122 + -1?
113201100121
In base 10, what is -13 - -833186?
833173
In base 8, what is 3 + -4622163?
-4622